{"id":14,"date":"2015-09-21T20:35:39","date_gmt":"2015-09-21T20:35:39","guid":{"rendered":"http:\/\/www.schoebpro.de\/?page_id=14"},"modified":"2015-09-21T20:35:39","modified_gmt":"2015-09-21T20:35:39","slug":"leistungen","status":"publish","type":"page","link":"http:\/\/www.schoebpro.de\/?page_id=14","title":{"rendered":"Leistungen"},"content":{"rendered":"<p class=\"p1\">Unser Name steht f\u00fcr\u00a0solide Leistung!<\/p>\n<p class=\"p1\">Gemeinsam mit unseren Kunden erarbeiten wir ein definiertes Ziel, welches kompetent und z\u00fcgig umgesetzt wird. Wir legen besondere Aufmerksamkeit auf die M\u00f6glichkeiten der Immobilie, der Vorstellungen unserer Kunden, des Umfeldes und der Chancen eines Objektes.<\/p>\n<p class=\"p1\">Wir analysieren den Standort und unterbreiten Ihnen eine ehrliche und aktuelle Darstellung. Durch unsere Erfahrung versuchen wir permanent, schnell und flexibel auf die Anforderungen des Marktes einzugehen um Ihnen eine optimale und fundierte Betreuung zu gew\u00e4hrleisten. Kundendienst ist unser Hauptgesch\u00e4ft. Wir betreuen Sie in allen Punkten rund um Ihre Immobilie. Wir erstellen f\u00fcr Sie ein Nutzungskonzept, pr\u00fcfen die Machbarkeit eines Vorhabens uns sorgen f\u00fcr Nachhaltigkeit der gemeinsam erstellten Planung. Wir \u00fcbernehmen f\u00fcr Sie die Vermarktung.<\/p>\n<p class=\"p1\">Es bedeutet einen Dienst am Kunden zu leisten. Diesen Grundgedanken haben wir stets im Blickfeld und wir verdanken ihm letztendlich unseren guten Ruf.<\/p>\n<p class=\"p1\"><strong>Wir projektieren<\/strong> f\u00fcr Sie alle erdenklichen Bereiche, zum Beispiel:<\/p>\n<ul>\n<li class=\"p1\">Bebauungsplanverfahren<\/li>\n<li class=\"p1\">Einzelhandelsgenehmigungen<\/li>\n<li class=\"p1\">Kies-\/Lehmabbau<\/li>\n<li class=\"p1\">Vergn\u00fcgungsst\u00e4tten<\/li>\n<\/ul>\n<p class=\"p1\"><strong>Sprechen Sie uns an!<\/strong><\/p>\n","protected":false},"excerpt":{"rendered":"<p>Unser Name steht f\u00fcr\u00a0solide Leistung! Gemeinsam mit unseren Kunden erarbeiten wir ein definiertes Ziel, welches kompetent und z\u00fcgig umgesetzt wird. Wir legen besondere Aufmerksamkeit auf die M\u00f6glichkeiten der Immobilie, der Vorstellungen unserer Kunden, des Umfeldes und der Chancen eines Objektes. &hellip;<\/p>\n<p class=\"read-more\"> <a class=\"more-link\" href=\"http:\/\/www.schoebpro.de\/?page_id=14\"> <span class=\"screen-reader-text\">Leistungen<\/span> Read More &raquo;<\/a><\/p>\n","protected":false},"author":1,"featured_media":0,"parent":0,"menu_order":0,"comment_status":"closed","ping_status":"closed","template":"","meta":{"footnotes":""},"class_list":["post-14","page","type-page","status-publish","hentry"],"_links":{"self":[{"href":"http:\/\/www.schoebpro.de\/index.php?rest_route=\/wp\/v2\/pages\/14"}],"collection":[{"href":"http:\/\/www.schoebpro.de\/index.php?rest_route=\/wp\/v2\/pages"}],"about":[{"href":"http:\/\/www.schoebpro.de\/index.php?rest_route=\/wp\/v2\/types\/page"}],"author":[{"embeddable":true,"href":"http:\/\/www.schoebpro.de\/index.php?rest_route=\/wp\/v2\/users\/1"}],"replies":[{"embeddable":true,"href":"http:\/\/www.schoebpro.de\/index.php?rest_route=%2Fwp%2Fv2%2Fcomments&post=14"}],"version-history":[{"count":1,"href":"http:\/\/www.schoebpro.de\/index.php?rest_route=\/wp\/v2\/pages\/14\/revisions"}],"predecessor-version":[{"id":15,"href":"http:\/\/www.schoebpro.de\/index.php?rest_route=\/wp\/v2\/pages\/14\/revisions\/15"}],"wp:attachment":[{"href":"http:\/\/www.schoebpro.de\/index.php?rest_route=%2Fwp%2Fv2%2Fmedia&parent=14"}],"curies":[{"name":"wp","href":"https:\/\/api.w.org\/{rel}","templated":true}]}}